on factor of 32 and k?
32
Let j(g) = 10*g**2 - 1. Let k be j(-1). Suppose 7*x = 9*x + 4. Let h be (x/2)/(16/(-48)). Calculate the greatest common divisor of h and k.
3
Suppose d - 16 = 2*q, 3*d - 4*q - 40 = -2*q. Let j = 6 + 3. Suppose -n + 9 = -j. What is the highest common factor of n and d?
6
Suppose -3*d + 6 = p - 8, 3*d = -2*p + 13. Let h(c) = c + 7. Let g be h(d). Suppose 5*y = 8*y - g. What is the highest common factor of y and 2?
2
Let a = -350 - -688. What is the highest common factor of a and 26?
26
Let v = 16 - 14. Let s be v/6 - 531/(-27). Suppose -4*g + 105 = 3*h, -12 = 3*h + 3. Calculate the greatest common divisor of g and s.
10
Suppose 0 = 4*j - 6083 - 61. Calculate the highest common factor of j and 24.
24
Let l(i) = 10*i**3 - 4*i**2 + 3*i - 2. Let s be l(2). Calculate the greatest common divisor of 850 and s.
34
Suppose 9 = 6*w + 3. Let d be 36/(-10)*((-32)/12 + w). Calculate the greatest common factor of 30 and d.
6
Suppose -4*j + 11*j = 0. Let u be (j - -3) + 0 + 60. Calculate the highest common divisor of u and 7.
7
Suppose -1600 = 4*k - 2*o, 4*o + 342 = -k - 49. Let b = k + 575. Calculate the highest common factor of b and 16.
16
Let o = 778 + -172. Calculate the greatest common factor of 101 and o.
101
Suppose -450 = -3*j - 114. Suppose 61*y = 65*y - j. What is the highest common factor of y and 42?
14
Let v(u) be the first derivative of 7/2*u**2 - 2 - 1/3*u**3 + 0*u. Let g be v(5). Calculate the greatest common factor of g and 4.
2
Let j = -66 - -100. Let x be -32*(-2 + (117/(-6))/3). Calculate the greatest common divisor of j and x.
34
Let r = -82 + 87. Suppose -2*v + 6*v - 60 = -4*d, r*d - 2*v = 61. Calculate the greatest common factor of 117 and d.
13
Let j be (-1 - 0)/(21/(-714)). Let v(f) = -17*f - 17. Let o be v(-4). Calculate the greatest common divisor of o and j.
17
Suppose 0 = -12*p + 10*p + 20. What is the greatest common factor of p and 250?
10
Let b be 119/11 - (-6)/33. Let x(w) = 48*w - 5. Let r be x(1). Let s = r - b. Calculate the greatest common divisor of s and 8.
8
Suppose 27*w = 7*w + 2160. Suppose -50 = -3*k - 14. What is the highest common factor of k and w?
12
Let w be 128/(-12)*27/6. Let a = 51 + w. Calculate the highest common divisor of a and 6.
3
Suppose -2*l + 15 = -1. Suppose -l*o = -11*o + 273. What is the greatest common divisor of o and 13?
13
Let y = -245 - -338. What is the highest common factor of 31 and y?
31
Let x(p) = -60*p**3 - 2*p**2 + p. Let b be x(1). Let d = -37 - b. What is the highest common divisor of 16 and d?
8
Suppose 0 = -5*w + 15, d - 3*d = -4*w - 516. Suppose -12*h + d = -8*h. Calculate the highest common factor of 165 and h.
33
Suppose -4*y = -2*y - i - 52, 0 = -y + i + 28. Let b = 45 - y. What is the highest common divisor of b and 7?
7
Suppose -9*s + 475 + 191 = 0. What is the highest common divisor of 259 and s?
37
Let s = -27 + 27. Suppose s = 28*v - 34*v + 84. What is the greatest common factor of v and 28?
14
Let g be 2*5/(-20)*-4. Suppose 4*z = -5*h - 12, -14 + g = -2*z + 2*h. Calculate the greatest common factor of 8 and z.
2
Let q = -642 - -665. Let m = 84 - -8. Calculate the greatest common divisor of q and m.
23
Let l(s) = 2*s**2 - 2*s - 5. Let a = -20 - -17. Let g be l(a). Let p = 35 - g. What is the highest common divisor of 16 and p?
16
Let u(l) = -l**3 - 5*l**2 + 51*l + 236. Let b be u(-4). What is the greatest common factor of 64 and b?
16
Let p be 4/(-10) + (-64172)/(-305). What is the greatest common factor of p and 98?
14
Let x be (-418)/(-26) + -2*3/78. Let i = 17 - -7. What is the greatest common factor of i and x?
8
Let f = -131 - -143. Let l be (2 - f)*(-4)/10. What is the greatest common factor of 16 and l?
4
Let i = 623 - 438. Let m = i - 100. Suppose -5*y + 59 = q, -5*y = -2*q + 32 + 11. What is the greatest common factor of m and q?
17
Suppose 2*d - 20 - 8 = 0. Let a = 14 + d. Let n(y) = 13*y**3 + y**2 + y + 2. Let r be n(2). What is the greatest common factor of a and r?
28
Let b(j) = 17*j**3 + j. Let k be b(-1). Let c be (k/(-15))/(3/40). Let t be 321/5 - 1/5. Calculate the greatest common factor of c and t.
16
Suppose 0 = -29*p + 1071 + 2757. Calculate the highest common factor of 108 and p.
12
Suppose -142 = -5*x - 2*s, -x + 106 = 2*x - 4*s. Suppose 0 = -2*i + f + 173, 0*f + 20 = 4*f. Let g = 329 - i. What is the highest common factor of g and x?
30
Let w = -442 - -136. Let q = -194 - w. Calculate the greatest common factor of q and 28.
28
Suppose -71*l - 172 = -16857. Let w(n) = -16*n - 1. Let h be w(-3). What is the highest common divisor of h and l?
47
Let y(z) = 9*z**2 - 6*z - 40. Let g be y(-4). Calculate the highest common factor of 12 and g.
4
Let m = -206 + 412. Suppose -26 + m = 3*c. Suppose -5*v = -92 - 28. Calculate the highest common factor of v and c.
12
Suppose -11*p + 35 = -6*p. Let y(b) = -b**2 + 9*b - 9. Let m be y(p). Suppose -26 = m*w - 126. Calculate the greatest common divisor of 180 and w.
20
Let a(n) = -n**3 + 23*n**2 + 8*n + 26. Suppose -5*d - 10 = 2*v - 125, -46 = -2*d - 5*v. Let w be a(d). What is the highest common factor of 84 and w?
42
Suppose 0 = 31*q - 5747 + 1035. What is the highest common factor of q and 494?
38
Suppose -11*y = -7*y - 572. What is the greatest common divisor of y and 11?
11
Suppose 2*b - 60 = 7*b. Let p = b + 10. Let h be (0 + 2)/(p + 4). What is the greatest common divisor of h and 11?
1
Let a be 4623/(-57) + 2/19. Let p = 0 - a. Calculate the highest common factor of p and 9.
9
Suppose -c = 2*c - 75. Let k = -723 - -898. What is the highest common factor of k and c?
25
Let t(v) = -2*v + 1. Let c be t(-4). Let l = 9 - c. Suppose 21*a - 18*a - 6 = l. Calculate the highest common factor of a and 10.
2
Let t(j) = -3*j - 9. Let b be t(-10). Let y be (b/4 - 3)/((-6)/(-144)). What is the greatest common factor of 27 and y?
27
Suppose 4*f = -12, -4 = 2*a - 4*a + 2*f. Let v be (38/4)/(a/2). Let u = v + 30. Calculate the greatest common divisor of 11 and u.
11
Let f be (-1)/(3/6) - (-9 - -4). Suppose -f*n + 78 = 12. What is the highest common divisor of 55 and n?
11
Suppose -1 = 2*k - 25. Let w be 4*1*27/k. Let c be (w/2)/(2/60). Calculate the highest common factor of 15 and c.
15
Let t = -13 - -17. Suppose a + 7 + t = 4*z, 0 = -2*a + 2*z + 8. Let g(l) = 17*l - 4. Let h be g(5). Calculate the highest common divisor of h and a.
9
Let b = 25 + -19. Suppose -4*d - 116 = -b*d. What is the highest common divisor of 87 and d?
29
Let l = 1043 + -707. Let z be (-24)/(-20)*5 + 1 + (-82)/(-2). Calculate the highest common divisor of l and z.
48
Let j(u) be the third derivative of 17*u**5/60 - 5*u**4/24 + u**3 + 11*u**2. Let v be j(2). Calculate the highest common divisor of v and 8.
8
Suppose 4*y - 17 - 31 = 0. Let n = 32 + -9. Let q = 131 - n. Calculate the highest common factor of y and q.
12
Let k = -29 + 33. Suppose 451 = 5*g - 2*q, g - 372 = -3*g - k*q. What is the highest common divisor of g and 13?
13
Let u(o) = -819*o - 2451. Let i be u(-3). Let m be 480/9 + 4/6. What is the highest common divisor of m and i?
6
Let l be (36 - 0) + (-4)/(-1). Let p = l - -2. What is the highest common factor of 21 and p?
21
Let m be (-2)/13 - (-725)/65. Suppose 9*n - m*n = -42. What is the greatest common divisor of n and 42?
21
Suppose -5*l + 112 = -l. Let v(r) = r**2 - 6*r - 12. Let g be v(10). Calculate the highest common divisor of l and g.
28
Let f(a) be the second derivative of -a**4/12 - 19*a**3/6 + 5*a**2/2 - 6*a. Let q be f(-17). What is the greatest common factor of 26 and q?
13
Let u = -25 + 0. Let b(k) = -k - 11. Let v be b(u). Calculate the greatest common factor of 238 and v.
14
Suppose 0 = -14*m + 19*m - 440. Let d be (29/4)/((-11)/m). Let l = 14 - d. Calculate the greatest common divisor of l and 48.
24
Let x be 3/(3/(-1)) - (3 - 52). What is the greatest common divisor of x and 6?
6
Let c be (-240)/(-30)*2/((-8)/(-14)). What is the highest common divisor of 756 and c?
28
Let v(m) = -4*m + 34. Let r be v(-10). Let c = -73 + r. What is the highest common divisor of 9 and c?
1
Suppose 10 = 2*a - 18. Let f be 14/49 - (-24)/a. Let i = 1 + f. Calculate the highest common factor of 27 and i.
3
Let i = 923 - 818. What is the highest common divisor of i and 120?
15
Let b(c) = 47*c**2 + 40 + 7*c**2 + 7*